nd u?
9
Suppose 0 = -2*u - 10, -c - 3*u - 23 = 2*u. Suppose -c*v + 10 = -10. Suppose 12*i - v*i - 26 = 0. What is the highest common divisor of i and 65?
13
Let d(v) = 46*v**3 - 10*v**2 + v + 6. Let f be d(2). What is the highest common factor of f and 756?
84
Let z(q) = 38*q - 7. Let c(u) = -37*u + 7. Let b(h) = 7*c(h) + 6*z(h). Let y be b(-5). What is the highest common factor of 18 and y?
18
Suppose -2448 = 64*v - 67*v. Calculate the greatest common divisor of 51 and v.
51
Suppose d + 4 = -3*l, -13*d = -16*d + 3*l + 48. Calculate the greatest common factor of 275 and d.
11
Suppose -3*a - 950 = -13*a. Let k = -47 + a. What is the greatest common divisor of k and 72?
24
Let k = -5 + 27. What is the greatest common divisor of k and 4?
2
Let f = -14 - 10. Let a = -15 - f. Calculate the highest common divisor of a and 72.
9
Suppose 5*g + 2*j - 40 = 0, -g + 8 = 5*j - 0. Let i be g/4 - (3 - -24). Let y = i + 28. Calculate the greatest common factor of y and 24.
3
Let i = 26 - 14. Suppose 56 - 9 = t. Suppose t = 4*v - 5*j, -j = 3*v - 3*j - 30. What is the greatest common factor of i and v?
4
Let f(a) = 26*a - 13. Let i = 105 - 102. Let p be f(i). Let x = -33 + 46. Calculate the highest common divisor of x and p.
13
Let f(a) = 2*a**2 - 3*a + 1. Let w be f(-3). Let h = 0 - -8. Let s(l) = -l + 12. Let d be s(h). What is the greatest common factor of d and w?
4
Let x be -7 + 4 + 75 - 4. Let b = 107 + x. Calculate the highest common divisor of b and 70.
35
Let h(m) = 141*m**3 - m**2 - 4*m + 4. Let c be h(1). What is the highest common factor of c and 245?
35
Let y(i) = i**3 - 4*i**2 - 3*i - 19. Let u be y(5). Let t be -2*110/(-15) - (-6)/u. Calculate the greatest common divisor of 14 and t.
14
Suppose -7*u = -8*u + 168. Calculate the greatest common divisor of u and 48.
24
Suppose -2*s = -4*i + 3 + 33, 0 = -2*s + 4. Suppose -4*z + 5 = -91. Let k = z - i. What is the highest common divisor of k and 42?
14
Suppose -3*y - 42*r + 38*r + 1435 = 0, -r = -3*y + 1460. Calculate the highest common divisor of 291 and y.
97
Let i be (-14)/(-252)*-6*-15*6. Calculate the greatest common factor of 6 and i.
6
Let q(n) = -n + 41. Let b be q(28). Calculate the highest common factor of 221 and b.
13
Let r(v) = 10*v - 19. Let d be r(3). Calculate the highest common divisor of 8 and d.
1
Let n = 86 + -123. Let b = -28 - n. Let s(d) = 2*d**2 - 2*d - 6. Let z be s(-5). What is the greatest common divisor of z and b?
9
Suppose -4*w = -2*d + 48, 5*d - 2*w - 120 = -7*w. What is the greatest common factor of 228 and d?
12
Suppose -5*q + 15 = -4*q. Suppose -3*j - 5*y = -117 - 333, 5*y - q = 0. What is the greatest common factor of j and 58?
29
Let j = -22 + 24. Suppose h = 0, -5*y - j*h + 1164 = -y. Suppose 3*i + u + u = y, 0 = -2*i + 3*u + 207. Calculate the greatest common divisor of i and 9.
9
Suppose -4*p + r + 39 = 0, 5*p - 3*r = 2*p + 18. What is the highest common divisor of 99 and p?
11
Let n(g) = 4*g - 63. Let u be n(22). Let j be (-2 - 0) + -3 + u. What is the greatest common factor of 15 and j?
5
Suppose -5*l = -10*l + 2*u + 400, -2*l - 3*u = -179. What is the greatest common divisor of 123 and l?
41
Suppose -d + 14 + 59 = 3*b, 289 = 5*d - 4*b. What is the highest common factor of 1159 and d?
61
Let x(s) = 26*s - 206. Let h be x(9). Suppose 4*l = -0*l + 84. What is the greatest common factor of h and l?
7
Suppose 2*b + 4*u = -2*b - 96, -1 = u. Let z be (0 - b) + 16/(-8). Calculate the highest common divisor of z and 63.
21
Let x = 441 - 73. Suppose 344 = 2*l + 2*m, -2*m = 2*l - 6*m - x. What is the highest common factor of l and 22?
22
Let y = -93 + 91. Let o be (1/y)/((-4)/16). What is the greatest common factor of 16 and o?
2
Let t = 384 + -373. Let n(f) = -f**3 + 2*f - 1. Let l be n(1). Suppose -3*b + t + 13 = l. Calculate the highest common divisor of 32 and b.
8
Let u = 500 - 434. Let d be ((-175 - 0) + 1)*-1. Let y = d - u. Calculate the greatest common factor of 12 and y.
12
Suppose -5*c + 82 = -4*a - 15, c - a = 19. Suppose 0 = -c*j + 14*j + 462. What is the highest common divisor of 44 and j?
22
Let c(p) = -9*p - 12. Let s be c(-8). Let o = -64 - -124. Suppose -o = -5*a - 0*a. Calculate the highest common factor of s and a.
12
Suppose -71 - 64 = -2*u + 3*z, 4*z - 12 = 0. Suppose 10*a - 54 = 7*a. Suppose 0 = -4*b + 6*b - a. What is the highest common factor of b and u?
9
Suppose -2*f + 10*s - 7*s = -2278, -s - 4536 = -4*f. What is the greatest common divisor of 11 and f?
11
Suppose 4777 = 22*k - 789. What is the greatest common factor of k and 11?
11
Suppose 99 = 3*t - 129. Let o be -24*(t/(-8) + -1)/2. Let u = 5 - -9. Calculate the greatest common factor of u and o.
14
Suppose -2*v + 5*p = -628 - 540, -v + 590 = -p. What is the highest common divisor of v and 54?
54
Let o(c) = 3*c**2 + 6*c - 4. Let m = -21 + 12. Let l = m - -15. Let y be o(l). What is the greatest common divisor of 20 and y?
20
Suppose 2*w + 0 = -4*c - 4, 8 = 4*w. Let q be (1 - (c + 5))*-59. Let n = -70 + q. What is the greatest common divisor of 24 and n?
24
Suppose 0 = g - 6*g + 350. Suppose -u = 6*u - g. Suppose 3*m = 8*m - u. What is the highest common divisor of 8 and m?
2
Let n = 60 + -57. Suppose -2*t + 7*t + 5*q = 65, 2*t - 22 = 2*q. What is the highest common factor of n and t?
3
Let g = 1046 + -278. Calculate the greatest common divisor of 6 and g.
6
Let c = 23 - 5. Let n be 4*5*c/5. Suppose 2*k - k - 8 = 0. What is the highest common divisor of n and k?
8
Let d(z) = z - 3. Let i be d(7). Suppose 0 = -i*t + t. Suppose t = -4*p + 5*r + 11, -2*p - 3*r = -24 - 9. What is the highest common divisor of p and 6?
3
Let j be (132/55)/((-6)/(-165)). Calculate the highest common factor of j and 121.
11
Let g be 82/(3 - (-7)/(-3)) + -4. Calculate the highest common factor of g and 2.
1
Let o(g) = g**2 + 17*g + 85. Let h be o(-15). What is the highest common factor of 88 and h?
11
Let h = 1000 + -535. What is the highest common factor of h and 279?
93
Let f be ((-78)/10 + 7)*(-4 + -1). Calculate the highest common factor of 32 and f.
4
Let u = 26 + -8. Suppose -86*l = -83*l - 90. What is the greatest common divisor of l and u?
6
Let k = -101 + 196. Suppose -6*j - k = -11*j. Calculate the greatest common factor of 95 and j.
19
Suppose 2*v = 3*a - 458, -a - 4*v + 130 = v. Suppose 0 = 8*b - a + 46. Calculate the greatest common factor of 65 and b.
13
Suppose -342 = -7*b + 1030. What is the greatest common factor of 168 and b?
28
Let u be (14/(-14))/(1/(-7)). Let i be ((-6)/(-4))/3*2. What is the greatest common divisor of u and i?
1
Suppose 10*c - 2*r = 5*c - 47, 0 = r - 1. Suppose 0*h - 135 = -h. Let j be h - 4*c/(-12). Calculate the highest common factor of j and 12.
12
Let v be (-90)/(-21) - -3 - 34/119. Calculate the highest common divisor of v and 49.
7
Let d = -51 - -53. Suppose 4*g - 4*j = 3*g + 210, -d*g = -4*j - 440. What is the greatest common factor of 92 and g?
46
Suppose -2268 = -48*w + 44*w. What is the highest common factor of 7 and w?
7
Let q = -242 - -243. What is the highest common factor of 7 and q?
1
Suppose -11*i + 12*i = 61. Suppose i - 19 = 2*d. Let q(v) = v**2 + 4*v + 3. Let w be q(6). Calculate the greatest common factor of w and d.
21
Let l(i) = 3*i - 6. Let r be l(6). Let a be (r/14)/((-6)/(-168)). What is the greatest common divisor of a and 3?
3
Let u(x) = x**2 + 2*x - 4. Suppose 3*c + 2*c - 20 = 0. Let l be u(c). Let p = 3155 - 2935. What is the greatest common factor of p and l?
20
Let s(k) = -11*k - 53. Let g be s(-16). Let z be (-4)/14 - (-3073)/(-49). Let u = z + g. Calculate the highest common factor of u and 12.
12
Let r(p) = -p**2 - 12*p - 12. Let y be r(-9). Suppose 5*k = 4*q - 175, -4*k + k = -4*q + 177. Calculate the highest common factor of q and y.
15
Let r be -2*(0 - 35/(-10)). Let d(b) = b**3 + 13*b**2 + 6*b + 4. Let u be d(r). What is the highest common divisor of u and 32?
32
Let m(i) = i**3 + 47*i**2 + 88*i + 5. Let n be m(-45). What is the highest common factor of n and 45?
5
Let c be -63*-8*(-7)/(-126). Calculate the greatest common factor of c and 56.
28
Suppose 7 + 3 = h. Suppose -h = -0*z - 5*z. Calculate the highest common factor of z and 22.
2
Suppose -5*t + 5*m + 15 = 0, 0 = 2*m + 6 - 0. Suppose 8*a - 9 - 7 = t. Calculate the greatest comm